27. Is n a composite number?
True
Let y(q) be the third derivative of q**5/15 - q**4/8 + q**3/6 - 3*q**2. Is y(-3) a prime number?
False
Let f be (2/6)/((-3)/(-27)). Let d be 2/6*f + -67. Let o = d + 119. Is o a composite number?
False
Suppose 0 = i + 4*i - 795. Is i a prime number?
False
Let l be 4/(-6)*(-195)/(-10). Let b = l - -19. Is b a prime number?
False
Suppose -14*h - 12043 + 92529 = 0. Is h a prime number?
True
Let r be (-4)/(-6)*(-12)/(-8). Let l be -2 - (r + -1 - 2). Suppose 3*c - 201 + 30 = l. Is c a prime number?
False
Suppose 4*u - 2*u + 4*d = 266, 5*d = -2*u + 269. Is u composite?
False
Suppose 5*j - 11 = b, 5*b + 0*j - 4*j = 8. Let m(q) = q**2 - 3*q + 1. Let f be m(b). Suppose 3*v + f*c = 140 - 46, 4*v + 3*c - 140 = 0. Is v a composite number?
True
Let o(s) = 153*s**2 + 7*s - 13. Is o(3) prime?
False
Let p(o) = -3*o**3 + o. Let g be p(-1). Suppose g*y = 7*y - 1465. Is y a composite number?
False
Is 4/8*(-1 - -255) a prime number?
True
Let z = -1 - 2. Let w(j) = 29*j**2 - 9*j - 9. Let t(o) = 15*o**2 - 4*o - 4. Let p(l) = 13*t(l) - 6*w(l). Is p(z) composite?
True
Suppose 0 = -3*s - 125 + 17. Is (-376)/(-10) + s/(-90) prime?
False
Let c(x) be the second derivative of x**4/6 + x**3/3 - 5*x**2/2 + 3*x. Is c(-6) prime?
False
Let u be -21 + 0/(-1 + -2). Let a be 71/2 - 1/2. Let s = a + u. Is s prime?
False
Suppose 4*c - 435 = 69. Suppose 0 = -2*y - 4*z + 244, 0*y - y + c = -2*z. Suppose v = -3*v + y. Is v a prime number?
True
Suppose -6*a = -23523 - 5991. Is a a composite number?
False
Suppose 5*s = a - 169, 4*s = a - 33 - 103. Let r = 118 + s. Is r prime?
False
Let k be (0 - -1*4) + -2. Suppose k*v - 7*v + 15 = 0. Is v a composite number?
False
Suppose -3*x - 2*x = d - 487, 0 = x + 3*d - 103. Is x a composite number?
False
Let j = -2 + 4. Let u be 5/j - 2/(-4). Suppose -u*d + 5 + 7 = 0. Is d composite?
True
Let a = 600 + -209. Is a a prime number?
False
Let f(a) = -264*a - 2. Let b be f(-2). Let q(h) = -61*h + 1. Let r be q(6). Let v = r + b. Is v prime?
False
Suppose -5*i + 9 + 1 = 0. Let m be (2 - i)/(-2 - -3). Suppose a - 69 = -m*a. Is a prime?
False
Let b = -3 + 6. Suppose v - 56 = b*c - 3, 0 = 3*v + 4*c - 211. Is v composite?
True
Let x(d) = -5*d**3 + 4 + 4*d**3 + 0*d**2 - d**2 + 3*d. Suppose h = 2*h + 3. Is x(h) a prime number?
True
Let b = 10 + -15. Let n be 3*(2 - (b + 0)). Let s = -14 + n. Is s a prime number?
True
Suppose -5*d - 2*d = -371. Is d composite?
False
Suppose -4 = 5*d - 39. Suppose -3*m - 136 = -d*m. Is m a prime number?
False
Let l be (1/3)/(3/(-9)). Let m be (0 - l/1)*11. Is (12/3)/2 + m composite?
False
Let x be 1/(-4) + (-555)/(-12). Is ((-14)/4)/((-1)/x) prime?
False
Is (-2002737)/(-143) + (-2)/13 a prime number?
False
Let w(n) = -n**2 + 4 - 3*n**2 + 8*n + 3*n**2. Let o be w(8). Suppose o*h - 760 = -0*a + 3*a, h - 4*a = 203. Is h prime?
False
Let b(j) = -5*j + 3*j + 7 + 8*j. Is b(12) composite?
False
Let z be ((-916)/(-8)*-2)/(-1). Suppose z = 4*d - 487. Is d a prime number?
True
Let z = 1281 - 394. Is z prime?
True
Let r(a) = -3*a**3 - a**2 - 2*a - 1. Let t be r(-1). Suppose 6*j - 3*j + 6 = -3*f, 5*j = 3*f - 10. Suppose f = -t*g + g + 298. Is g prime?
True
Let u = -5 - -7. Suppose -u*g = -g - 89. Is g composite?
False
Let u be (-1)/((-1 + -1)/8). Suppose 2*b - 3*v - 74 = 0, 0*b + 136 = u*b - 3*v. Is b a composite number?
False
Let s(z) be the second derivative of -z - z**3 + 0 - 1/2*z**2. Is s(-6) a composite number?
True
Let o(z) = 3*z + 4. Is o(3) a prime number?
True
Suppose -6 - 9 = -3*s. Suppose o - 12 = s*i, 59 = 4*o + 4*i + 11. Let t = o + 11. Is t prime?
True
Let f = -3808 + 7173. Is f composite?
True
Let s = 402 + -253. Is s a prime number?
True
Let a = -5 - -7. Suppose 0 = -2*u + 7*u + 5*j - 10, 0 = a*j + 10. Is u a composite number?
False
Suppose 5*s = 5*l + s + 10, -5*s = -5*l - 15. Suppose 2*j = -l*j - 1332. Is ((-6)/(-9))/((-6)/j) a composite number?
False
Suppose -c + 6 = -5*n, 0*n = -4*c - n + 66. Suppose 3*s - c = 2. Is (194/s)/((-5)/(-15)) a composite number?
False
Let j = 5 - 7. Is (-1)/(j/466) + 2 prime?
False
Suppose -12 + 32 = 5*n. Let j = n + -8. Is 0 + (-3)/2*j a prime number?
False
Let a(t) = 51*t**2 - t + 1. Suppose -5*j + 8 = 3. Is a(j) composite?
True
Suppose -11 + 5 = -3*u. Suppose -2*p - 3*m - 2*m = -33, -u*m + 30 = 5*p. Is (-5)/(10/p) + 55 prime?
True
Suppose -10*n - 35 = -5*n. Let y(g) = 7*g + 12. Let d(t) = -27*t - 49. Let i(k) = -2*d(k) - 9*y(k). Is i(n) composite?
False
Suppose 2916 = -l + 4*l. Suppose -713 - l = -5*j. Is j a composite number?
False
Let o = 113 + 216. Is o composite?
True
Suppose -4*x - 357 = 779. Let c = x + 423. Is c composite?
False
Suppose -3*q - n + 1 + 9 = 0, -8 = 2*q - 3*n. Is ((-53)/(-4))/(q/8) composite?
False
Let x = -11 + 29. Suppose x + 24 = 2*u. Is u prime?
False
Let b = 1935 + -958. Is b composite?
False
Let z = -26 - -10. Let f = 5 + z. Let a(k) = k**2 + 4*k. Is a(f) a prime number?
False
Let l = 133 + -54. Is l a prime number?
True
Let a be 2*(-1)/(-2) - -34. Let r = 61 + -36. Suppose 4*b = r + a. Is b a prime number?
False
Suppose 4*q - 32 = 5*x, 0*q - 2*x = -5*q + 23. Let z be 5*((-6)/q)/(-2). Suppose -2*o = -z*r + 2*o + 174, -3*r + o = -110. Is r a prime number?
False
Let i = 6 - 3. Suppose 119 = -4*o + i*o. Let l = -36 - o. Is l a prime number?
True
Let a = 1512 - 674. Is a a prime number?
False
Let c(s) = -s**2 + 4*s + 3. Let y be c(4). Is -5*((-104)/20 + y) a prime number?
True
Let j(i) = -44*i**2 - 6*i + 1. Let k(z) = 45*z**2 + 7*z - 1. Let w(v) = -7*j(v) - 6*k(v). Suppose -p - 3 = -4*p. Is w(p) prime?
True
Let t(r) = r**2 + 6*r - 5. Let x be t(-7). Suppose -4*i = 4*l - 0*i - 100, -x*i - 50 = -2*l. Is l a composite number?
True
Suppose 0 = 2*t - 4*j - 10, 5*t + 5*j + 29 = 2*t. Is t - (-658 + (-4)/(-2)) a prime number?
True
Is ((-20)/30)/(4/(-1722)) composite?
True
Suppose -117 = -4*r + 99. Suppose -l + r - 15 = 0. Is l a prime number?
False
Suppose 3*g = 4*g - 43. Is g composite?
False
Let h be 4 + -2*1 + 4. Suppose h*l - 250 = l. Suppose 3*y - 2*s + 6*s - l = 0, 4*y = -2*s + 50. Is y a prime number?
False
Let r(m) = -12*m - 7. Suppose 5*s - 10 - 15 = 0. Suppose -2*k - s = 5. Is r(k) a composite number?
False
Let h be ((-4)/(-6))/((-2)/(-15)). Let c = -4 + h. Is 18/4 + c/(-2) a composite number?
True
Let c = -197 + 562. Is c a composite number?
True
Suppose 5*z - 107 = -3*w + 2*w, 73 = 4*z + 5*w. Is z prime?
False
Let t = -15 - -38. Suppose 2*j - 17 = t. Let y = j - 10. Is y a composite number?
True
Let w = 6051 + -2830. Is w prime?
True
Let t = -736 + 1413. Is t composite?
False
Let u = 70 + 127. Suppose -2*f + 4*p = -f - u, 0 = 4*f + 4*p - 828. Is f a composite number?
True
Suppose -s = -5*b + 9, -3*s = 4*b - 2*s. Is (-2 + 1)/(b/(-77)) a composite number?
True
Suppose -4*o + 7*o + 3*j - 4737 = 0, 5*j + 3186 = 2*o. Is o prime?
True
Let s = -1 + 50. Is s a composite number?
True
Let t = -627 - -1300. Is t composite?
False
Let a(x) = x**2 + 4*x + 4. Let q be a(-3). Let m = -8 + 295. Suppose 5*t - m = -3*k, k + q = -0. Is t composite?
True
Let m(k) = 560*k**2 + 4*k + 5. Let x(q) = -140*q**2 - q - 1. Let a(d) = -2*m(d) - 9*x(d). Let r be a(1). Suppose r = 4*w - 0*w. Is w composite?
True
Suppose -3*h = g - 227, -5*h = 2*g - 89 - 288. Is h composite?
True
Let t = 91 + -82. Is t a composite number?
True
Suppose 2*j = -3*j + 5245. Is j prime?
True
Suppose 0 = -4*x - 2*b - 0*b + 934, 4*b - 693 = -3*x. Is x prime?
False
Suppose -2*c = q + q - 16, -q + 2*c - 4 = 0. Suppose -127 = -5*h + q*h. Is h a composite number?
False
Is (-6 + (-208)/10)/(4/(-10)) composite?
False
Let z be ((-2)/3)/((-2)/(-6)). Let d be 0 + z + 0 - -24. Let i = d - 11. Is i prime?
True
Let s(k) = k**3 + k**2 - 5*k + 4. Suppose 0*u + 4*d = -2*u - 8, -4*d - 8 = -5*u. Suppose u = m + 5*a - 8, -2*m + 4*a + 3 = a. Is s(m) a composite number?
True
Is (-33)/44 - 727/(-4) composite?
False
Is (-2)/(-3) + -4066*15/(-18) a prime number?
True
Suppose -3*n = 2*b + 1, 5*b + 15 = -4*n - n. Let h be (-3)/12 + (-18)/b. Suppose 32 = v + 3*o + h*o, 0 = 5*v - 4*o - 189. Is v a prime number?
True
Let l be 5 - (-3 + -1 + 3). Let r(z) = 9*z + 3. Is r(l) a prime number?
False
Suppose 2*h + 2 = 8. Suppose -t = -4*f - 27, 0*t - h*f + 21 = 2*t. Is t composite?
True
Is ((-6)/3)/(6/(-63)) a comp